5 + 10*i - 5*i + 3 + i**3 - 7*i - x*i**2. Determine p(4).
6
Let w(t) = t**2 + 9*t - 9. Let n be w(-9). Let l(q) be the second derivative of -q**5/20 - 2*q**4/3 + 2*q**3 + 11*q**2/2 + 18*q - 4. Give l(n).
-16
Let i = -10 - -15. Let n(a) = 57*a + 30. Let j(f) = 28*f + 16. Let m(h) = 5*j(h) - 3*n(h). Let u(z) = -50*z - 15. Let c(s) = -8*m(s) + 5*u(s). Calculate c(i).
-5
Let c(f) be the second derivative of -5*f**3/6 + 17*f**2 - 575*f. Determine c(12).
-26
Let t = 282 + -47. Let f(b) = 235 - b**2 - b - t. Determine f(-3).
-6
Let s(a) = -46*a**3 - a**2 + 2*a + 2. Suppose -14*z + 73*z + 52 = 7*z. Calculate s(z).
45
Suppose -6*p - 5*v = -2*p - 182, -5*v = -p + 58. Let k(a) = 2*a - p + 19 + 28 + 3*a. Determine k(-2).
-11
Let k(m) be the third derivative of m**4/12 + 25*m**3/6 + m**2 + 54*m. What is k(-20)?
-15
Let y(k) be the third derivative of -43*k**4/24 + 130*k**3/3 - 2*k**2 + 9*k - 46. Give y(6).
2
Let c = 48 - 56. Let f be 106/34 + c/(-68)*-1. Let q(v) = 1 + 3*v**2 - v - f*v**2 - 2*v**2 - 10*v**2. Determine q(1).
-12
Let l be (12/(-35))/((-141)/658)*(-9 + 4). Let v(a) = 4*a**3 + 34*a**2 + 3*a + 12. Give v(l).
116
Let p be 1*(-1155)/99*9/(-15). Let n(v) = v**3 - 7*v**2 - 3*v + 37. What is n(p)?
16
Let b(y) = 9*y**2 + y. Let r(h) = -h**2 + 15*h + 15. Suppose 0 = 2*u - f - 35, f + 11 = 8. Let w be r(u). Determine b(w).
8
Let q(k) be the first derivative of 3*k**2/2 - 7*k + 235. Let n be (-161)/(-21) + -7 - 6/9. Give q(n).
-7
Let z be (-5)/(-4 + (-9)/(-3)). Let h be 1/(2/2 + 11/(-22)). Let v(s) = -s**3 + s + s + 53*s**h - 5 + 3*s - 49*s**2. What is v(z)?
-5
Let z(o) be the second derivative of -1/120*o**5 + 13*o + 0 - 19/6*o**3 - 1/360*o**6 + 0*o**2 + 5/12*o**4. Let c(f) be the second derivative of z(f). Give c(0).
10
Let x(c) = -17*c + 7*c + 14 - c**2 + 0*c + 4*c + 4*c. Calculate x(-4).
6
Let a be (64/(-20))/((-42)/210). Let k(h) be the first derivative of 0*h + a + 0*h**3 - 17/4*h**4 + 0*h**2. Calculate k(1).
-17
Let r(y) = -2*y**2 + y + 1. Let c be 3 - (-6 - (3 - 0)). Let v(q) = -q + 3 + 5 - c + 0. Let x be v(-1). What is r(x)?
-20
Let l(r) be the third derivative of r**7/1260 - r**6/720 + 31*r**5/60 + r**4/24 - 3*r**2 - 7*r. Let a(j) be the third derivative of l(j). Give a(-1).
-5
Let s = -216 - -219. Suppose -s*d + 2*v - 4*v = -19, -4*d - 5*v = -23. Let g(q) = 2*q - 7. What is g(d)?
7
Let o(l) be the third derivative of -7*l**4/12 - 521*l**3/6 + 470*l**2. Determine o(-37).
-3
Let h = -2789 - -2768. Let o(f) = -f**3 - 23*f**2 - 43*f - 19. What is o(h)?
2
Let z(i) = -3*i**2 + 11*i + 19. Let w be z(-2). Let s(y) = -y - 7. Give s(w).
8
Let i(j) be the first derivative of -j**4/4 + 7*j**3/3 + 9*j**2/2 - 7*j - 1259. What is i(8)?
1
Let w(i) = 31*i**3 - 14*i**2 - 2*i. Let n(t) = -46*t**3 + 22*t**2 + 3*t. Let r(v) = 5*n(v) + 8*w(v). Determine r(-1).
-19
Let g be 7/((56/(-12))/((-12)/9)). Let u(o) = o**2 - 5*o + 6. What is u(g)?
0
Let a(u) = 6*u**3 - 4*u**2 + 6*u - 2. Let w be a(2). Suppose 0 = -2*h - 2 + w. Suppose -4*c + h = 12. Let v(m) = 3*m**3 - 3*m**2 + m. Determine v(c).
14
Let t(p) be the third derivative of -p**8/20160 + p**7/560 + 7*p**6/720 - p**5/30 - p**3/3 + 41*p**2. Let q(k) be the third derivative of t(k). Calculate q(7).
21
Let u(b) = -14 - 15 + 41 - 11 - b. Let v(q) = q**3 + 7*q**2 - 5*q + 1. Let p(r) = 3*u(r) - v(r). Determine p(-7).
-12
Let m(j) = 6*j - 1. Let i(y) = 5*y. Let z(k) = 3*i(k) - 2*m(k). Let q(f) = -2*f. Let l(r) = 2*q(r) + z(r). Calculate l(9).
-7
Let i(g) be the first derivative of -g**3/3 + 3*g**2 + 41*g - 5337. Determine i(9).
14
Let p(b) = b**2 + 17*b + 49. Suppose 177*d - 182*d = 75. Determine p(d).
19
Let q(p) = -4*p + 2488 - 4926 + 2439 - 3*p**2. Let w(r) = -2*r + 8. Let l be w(6). What is q(l)?
-31
Suppose 0 = 3*g - 71 + 32. Let o(s) = s - 52. Determine o(g).
-39
Let r(c) be the first derivative of -2*c**2 + 108*c - 483. Calculate r(21).
24
Let k = -19 - -20. Let r(l) be the third derivative of l**5/20 - l**4/24 + l**3/6 - 730*l**2. Give r(k).
3
Suppose 10*g = 32*g. Let k(t) = -t - 4*t + 10*t + 25 + t - 5*t. Calculate k(g).
25
Suppose -17*r + 15 + 2 = 0. Let h(l) = -l**2 + 7*l + 14. Let q(d) = -2. Let a(n) = r*h(n) + 4*q(n). Suppose 6 = 5*i - 24. Determine a(i).
12
Let u(d) = 26 - 9 - 35449*d + 14 + 35443*d. Give u(9).
-23
Suppose 50*b + 28 = 4*l + 55*b, 2*l = 5*b + 14. Let p(u) = u**2 - 19*u + 74. Determine p(l).
-10
Let t(x) = -x**2. Let j(r) = 13*r + 52. Let k(f) = j(f) - t(f). Let o(n) be the first derivative of k(n). Give o(-7).
-1
Suppose 432 = -4*b + 472. Let z(n) = -2*n - 8*n - n**2 + 1 + b*n + 0*n**2. Give z(-1).
0
Let q(o) = o**3 + 8*o**2 + 5*o + 2. Let n(r) = -50 + r**3 - 2*r + 8*r**2 + 6*r + 52. Let d(f) = 2*n(f) - 3*q(f). Give d(-7).
-2
Let c(m) = -m**3 + 9*m**2 - 7*m - 5. Suppose 9*f - 14*f = -120. Suppose -26*x - f = -29*x. What is c(x)?
3
Let w(m) be the third derivative of -10*m**2 - 7/24*m**4 + 1/30*m**5 + 1/2*m**3 + 3*m + 0. Give w(3).
0
Let v(g) be the second derivative of g**5/20 - 3*g**4/4 - 3*g**3/2 + 3*g**2/2 + 2*g. Let h be (18/(-27) + 56/(-6))/(-1). Determine v(h).
13
Let b = 142 + -141. Let j(s) = -1319*s - b + 5 + 1318*s. Determine j(5).
-1
Let h(k) be the first derivative of -k**3/3 + k**2 + 4*k - 3973. Let q be (-6 + -4)*(-4)/5. Determine h(q).
-44
Let d(f) = -2*f**2 + 61*f + 33. Suppose 29*p - 516 - 383 = 0. Determine d(p).
2
Let n(r) = -r**3 - 4*r**2 + 7*r + 5. Let s = -86 + 88. Suppose -s*q - 161 = -151. Give n(q).
-5
Let a(t) = 4*t**2 - 5*t - 4. Suppose 4*w - 23 = -4*d + 1, 0 = 4*d + 14*w - 64. Give a(d).
2
Suppose 0 = -5*b + 5*g + 20, -3*b + 12 = -4*g + 5*g. Suppose -34 = -13*o - b*o. Let v(d) = 3*d**2 + d + 2. Calculate v(o).
16
Let h(o) = -2*o + 26. Let n be h(14). Let a be (26/(-117))/(n/18). Let x = a + -4. Let s(m) = m**3 + m**2 - m - 1. Calculate s(x).
-3
Let h be ((-8460)/(-75))/((4/10)/2). Let q(c) = -4*c**2 - 563 + 3*c**2 + 7*c + h. What is q(9)?
-17
Let o(t) be the first derivative of t**4/4 + 2*t**3/3 + t**2/2 - 2*t + 1. Let w = -6132 - -6134. What is o(w)?
16
Let p(y) be the second derivative of -y**6/360 + 13*y**5/120 - y**4/3 - 17*y**3 - 25*y + 1. Let a(s) be the second derivative of p(s). Give a(11).
14
Let n(r) be the first derivative of -r**4/2 + r**3 - r + 25. Let l(o) = -3*o**3 + 6*o**2 - o - 1. Let t(q) = 3*l(q) - 5*n(q). Give t(-4).
-2
Let r(w) = w**2 - 362*w - 342*w + 94 + 732*w. Determine r(-24).
-2
Suppose 4*c - 2*c = 16. Let v(i) = 6*i + 3 + 2*i + i**3 - 13781*i**2 + 13772*i**2. Calculate v(c).
3
Let t be ((-57)/95)/(2/(-20)). Let x(m) be the first derivative of -2 + 0*m + 3/2*m**2 - 1/3*m**3. Give x(t).
-18
Let k(a) be the third derivative of -a**6/24 + a**5/30 - a**4/8 + a**3/6 + 2*a**2 + 12. Let b be k(1). Let p(z) = z**3 + 6*z**2 + 5*z - 4. Calculate p(b).
-4
Suppose -5*u + 9 + 1 = 0. Let r(m) = -2*m - m**3 + u*m + m - 2*m. Let b(n) = 3*n**3 + 9*n**2 + 8*n - 11. Let q(c) = -b(c) - 2*r(c). Give q(-8).
-5
Let p(f) = 9*f**2 + 10*f + 12. Let n(j) = 15*j**2 + 11*j + 17. Let a(v) = 2*n(v) - 3*p(v). Calculate a(5).
33
Suppose 5*o - 6 = -1. Let r(p) = -23*p - 8. Let y(g) = -23*g - 5. Suppose 217*z + 6 = 214*z. Let b(x) = z*r(x) + 3*y(x). Determine b(o).
-22
Let c(o) = -o**2 + 21*o + 8. Let g be ((-156)/208 + (-6)/(-8))/2. Calculate c(g).
8
Let i(n) = -2*n + 5. Let s = -58 - -63. Let v(f) = f - 2. Let m(b) = s*v(b) + 2*i(b). Suppose y + 6*o - 3*o = -5, -3*y + 9 = o. Calculate m(y).
4
Let f(n) = -1182 + 0*n + 1166 + 5*n. Calculate f(7).
19
Let m be (-112)/(-42) + 1/(1 + 2). Let k(h) be the third derivative of -h**5/60 + h**4/12 + h**3/6 + h**2. What is k(m)?
-2
Let u(g) = -51*g + 511. Let o be u(10). Let k(v) be the second derivative of 0*v**2 + 3/2*v**3 + 0 + 2*v. Give k(o).
9
Suppose -25 = -114*s + 109*s. Let n(k) = 224*k**2 - k**3 - 3*k + 4 - 111*k**2 - 117*k**2 - s. Let p = 9 - 13. What is n(p)?
11
Let p(x) = 7*x**2 + 1. Let n(q) = 22*q - 3*q - 18*q - 17. Suppose 26 = 3*l - 4*t - 42, 0 = -3*t - 15. Let o be n(l). Give p(o).
8
Let l(x) = -x + 1. Let c be (93/4)/(-3)*(2 - 6). Suppose 11*b = c*b - 80. Suppose -5*y = 3*t - 42, -30 = -b*t + y + y. Calculate l(t).
-8
Let w(i) = 3*i + 311 + 146 - 448. Let n be -2*((-14)/(-4) - 0). Calculate w(n).
-12
Let i = -59 - -65. Suppose a - 8 = -3*x, 0 = -2*x + x + 3*a + i. Let g(p) = 6 + 2*p - x*p - 5*p + 3*p. Give g